culate v(i).
19
Let h be (-3*(-1)/2)/((-39)/(-78)). Let n(l) = -l**2 - 2 - 40*l**3 + 2*l**2 - 2*l**2 + 41*l**h. Determine n(0).
-2
Suppose -3*n = -6*n + 9. Let w(r) = -r - 3 + 25*r**n + r - r**2 - 24*r**3 - 4*r. Give w(-2).
-7
Let c(q) = 3 + 5989*q - 6 - 5990*q. What is c(2)?
-5
Let c(h) = h - 1. Let k(r) = -3*r + 7. Let p(q) = -5*c(q) - k(q). Let w = 30 - 17. Let o = 15 - w. What is p(o)?
-6
Let o = 748 + -757. Let a(f) = -f**3 - 10*f**2 - 11*f - 15. What is a(o)?
3
Let s = -855 + 859. Suppose 5*q - 2*c - 4 = -5*c, -2 = 3*q + 4*c. Let v(h) = h**3 - 2 - 5*h**q + 0*h**2 + 5*h + 0*h**3. What is v(s)?
2
Let f = -12 + 16. Let l(o) = 6*o + 2*o**2 + f*o**3 - 5*o**3 + 3 - 6*o**2. Suppose 5*g + 3*a + 17 + 17 = 0, -5*g + 3*a - 16 = 0. Calculate l(g).
-2
Let p(b) = -1 + 5 - 7 - 279*b**2 + 4*b + 277*b**2. What is p(5)?
-33
Let f(c) be the second derivative of c**4/12 + 3*c**3/2 - c**2 - c. Determine f(-9).
-2
Suppose 20*j + 17*j = -185. Let h(y) = -8*y - y**2 + y**3 + 0*y + 5*y**2 + 2*y - 2. Give h(j).
3
Let g(t) = -t**2 + 34*t + 239. Let z be g(40). Let u(r) = -8*r**2 - 2*r. Determine u(z).
-6
Let n be ((-2)/(-6))/(12/(-252)). Let q be n + 15 + 4*-1. Let d(o) = -o**3 + 4*o**2 + 3*o - 1. What is d(q)?
11
Let n(l) = -2*l - 2. Let r(q) = -4*q - 3. Suppose 4*a - 2*k + 7*k - 11 = 0, -5*k = -2*a + 43. Let v(s) = a*n(s) - 4*r(s). Suppose 2*w + 0*w = -10. What is v(w)?
4
Suppose -14 - 76 = -40*p - 5*p. Let w(j) be the first derivative of -j**7/420 + j**6/360 + j**3/3 - 1. Let d(b) be the third derivative of w(b). What is d(p)?
-12
Let a be (-29)/4 - (-3)/12. Let i(y) = 2*y**3 - 10*y**2 - 4*y - 11. Let q(f) = -f**2 - 1 - f + 2*f**3 - f**3 + 0*f. Let l(m) = -i(m) + 3*q(m). Determine l(a).
1
Let z be (2/(-8) + (-3)/4)*-6. Suppose -4*m + 2 = z. Let h(b) = b**3 - 2*b**2 - 3. Let r(g) = g**2 + 2. Let a(k) = 2*h(k) + 3*r(k). Determine a(m).
-3
Let n(a) be the third derivative of a**7/840 - 7*a**6/360 - a**5/120 + 5*a**4/24 - 2*a**3/3 + 10*a**2. Let i(r) be the first derivative of n(r). Give i(7).
-2
Let c be (-4)/18 - -2*(-327)/(-27). Suppose -c*g + 23*g - 11 = 0. Let w(k) = k**3 + 11*k**2 - 7. What is w(g)?
-7
Suppose 6*r = 2*r + 2*p - 10, 1 = 2*r + p. Let x(a) = -9*a - 9. Let u(o) = -1. Let y(q) = r*x(q) + 9*u(q). Let m be (65/15 - 4)*3. Calculate y(m).
9
Let m(r) be the second derivative of -r**4/12 + r**3/6 + r**2 - 10*r. Let l be m(-1). Let p(t) = t**3 + 17. Calculate p(l).
17
Let w(u) = u**3 - u**2 - u + 1. Let h(t) = t**3 + 5*t**2 - 9*t + 8. Let a(j) = -h(j) + 2*w(j). Let c = 19 - 15. Suppose 0 = -c*o + 11 + 13. Calculate a(o).
0
Suppose -3*x + 4*g + 30 = 0, -3*g - 24 = -2*x + g. Let p(v) = -1 - 3 + 0 + 7*v - 248*v**2 + 247*v**2. Give p(x).
2
Let b(p) = -2*p**2 - 22*p + 1. Let l be b(-11). Suppose t - 4*t = 5*i - l, -2*i - 5 = 3*t. Suppose -m + 18 = i*m. Let w(c) = c**2 - 8*c + 8. Calculate w(m).
-4
Let r(d) = d**3 + 8*d**2 - 7*d + 8. Let z be 56/(-6) + 6/18. Let g be r(z). Let n be (5/g)/(2/(-4)). Let t(v) = 5*v + 1. What is t(n)?
6
Let x(s) = 3*s + 18. Let b be x(4). Let u(f) = 6 + 25*f + b*f - 56*f. Determine u(-9).
15
Let g(b) = -7*b**3 - 5*b**2 + 4*b - 17. Let k(m) = 24*m**3 + 15*m**2 - 14*m + 53. Let o(c) = -7*g(c) - 2*k(c). Give o(-5).
13
Let w(m) = -m - 2. Let s(j) = 5*j + 8. Let h(f) = 2*s(f) + 9*w(f). Give h(4).
2
Let o(c) be the third derivative of -c**5/40 + 3*c**4/8 - c**3 + 10*c**2. Let d(j) be the first derivative of o(j). Calculate d(6).
-9
Let g(v) = -6*v**2 - v + 2. Let p(z) = -37*z**2 - 6*z + 12. Let q(n) = 6*g(n) - p(n). Suppose 9 = 4*t - 0*b + 3*b, 2*t + b - 3 = 0. Give q(t).
0
Let r(q) = q**3 - 11*q**2 + 9*q + 13. Let y be r(10). Suppose -y*i + 9 = -0*i. Let f(x) = i*x - x + 14 - 4*x + 3*x. Calculate f(-7).
7
Let j be (12 + -9)*3/9. Let y(c) = -c**2 + 3*c**2 - 1 + 7*c**3 - 17*c**3 - 5*c**3. Give y(j).
-14
Let f(g) = -2*g**2 + 0*g**2 + 16062 - 16065. Determine f(4).
-35
Let t(n) = -8*n**2 - 1. Let j = 23 + -5. Let x be 4/(-18) - (-76)/j. Suppose 16*d = 12*d - x. What is t(d)?
-9
Let g(u) = -6*u**2 - u - 1. Let d(l) = -26*l - 184. Let w be d(-7). Calculate g(w).
-23
Let q(t) = 6*t**3 - 2*t**2 - 5*t - 2. Let u be q(-1). Let x(k) = -k**3 - 4*k**2 + 4*k - 11. Determine x(u).
-6
Let t = -12 + 6. Suppose 37 = 5*w - 3*v + 2*v, 0 = 2*w - v - 13. Let j(q) = q**3 + 0*q**3 + 6*q**2 + 1 - 6*q + w*q + 8. Calculate j(t).
-3
Suppose u - 10 = 6*u. Let p = u + 5. Suppose -2*r - 2 = 2, 0 = -2*o - p*r - 2. Let z(i) = -6*i + 2. Calculate z(o).
-10
Let q(y) = -149*y - 144*y - 1 + 2 + 297*y. What is q(1)?
5
Let h(p) = -10*p**2 + 7*p**2 - 2*p**2. Let v(j) = j**2 + j. Let w(c) = h(c) + 3*v(c). Determine w(2).
-2
Let f(h) = h**2 - 10*h + 16. Let t = 1087 + -1077. Determine f(t).
16
Let k(c) = -5*c**2 - 14*c - 8. Let b(n) = -4*n**2 - 13*n - 8. Let s(u) = -6*b(u) + 5*k(u). What is s(7)?
15
Let f(a) = 106087*a + 0*a**2 - a**2 - 106096*a + 0*a**2. Give f(-6).
18
Let o(v) = -v**2 - 6*v - 4. Let t = -16 - -16. Let q = t - -23. Suppose -z = 5*u - u + 9, -5*z - q = -2*u. What is o(z)?
1
Let h = -637 + 637. Let n(q) = -q**3 - q**2 - q - 8. Give n(h).
-8
Let x be (-2)/(-3) + 0 + 1876/21. Let o(l) = 5 + 1 - 89*l + x*l. Determine o(-11).
-5
Suppose 0 = -4*x + 9*x + 20. Let t be x/10 - (-296)/40. Let u(w) = w**2 - 6*w - 1. Give u(t).
6
Let u(h) = h**3 + 27*h**2 + 52*h + 46. Let l be u(-25). Let k(z) be the second derivative of z**5/20 + z**4/3 - z**3/6 + z**2/2 + z. What is k(l)?
5
Let b be (0 + -3 - -7) + -3. Let c(s) = -s + s + 3*s + b + 0*s. Determine c(1).
4
Let m(t) = -t + 17. Let v be m(8). Let a(q) = -114*q**2 + 44*q**2 + 3 + 60*q**2 - 4 + q**3 + 7*q. Calculate a(v).
-19
Suppose 0 = -4*d - t + 3, -3*t - 9 = d + 2*d. Suppose -d*r = 1 - 5. Let i(k) = -k + 6*k**r + k**2 + 0*k**3 + k**3. Calculate i(-7).
7
Suppose 11*f = 11 - 44. Let y(d) = -d**2 - 2*d. What is y(f)?
-3
Let c(g) = 39*g - g**2 - 47*g - 3 + 5. Calculate c(-6).
14
Let p be (-213)/72 + (-3 - (0 - 6)). Let l(n) be the third derivative of -p*n**4 + 4*n**2 - 4/3*n**3 + 0*n + 0. Calculate l(-6).
-2
Let a = 12 + 13. Suppose -u = 4*u - a. Let x(f) be the first derivative of f**4/4 - 4*f**3/3 - 2*f**2 - 2*f + 14. Calculate x(u).
3
Let y(d) = 3*d + 11. Let w(r) = -27 - 7*r - 21 + 26. Let m(t) = 2*w(t) + 5*y(t). Determine m(0).
11
Let c(y) = 123*y + 3 + 113*y - 235*y. What is c(-10)?
-7
Let r(j) = j**3 + 9*j**2 - 9*j + 3. Let y be -1*135/36*16/6. Determine r(y).
-7
Let p be 4/6*(-105)/(-7). Let i = 12 - p. Let k(a) = i*a - a + 0*a - 1. Give k(6).
5
Let l(t) be the first derivative of -t**3/3 + 4*t**2 - 5. Give l(8).
0
Let z(g) = -g**2 - 36*g - 155. Let y be z(-31). Let s be (-2)/(-9) + 50/18. Suppose a + s + 3 = y. Let m(c) = c - 5. Determine m(a).
-11
Suppose 0 = -2*i - i + 6. Let v(n) = 4*n**2 - 21*n + 30. Let o(u) = -u**2 + 5*u - 7. Let r(t) = 9*o(t) + 2*v(t). Determine r(i).
-1
Let m(k) = 3*k + 4. Let c be (-5)/((-5)/(-2)) - 1. Give m(c).
-5
Let i(z) = -46 - 2*z - 41 - 42 + 129. Suppose -5 = -5*o + 10. Give i(o).
-6
Suppose -3*x = 10*w - 6*w - 4, 0 = 4*w - 2*x - 24. Let o(v) = 0 - 3*v + 1 + 2*v. What is o(w)?
-3
Let t(y) be the second derivative of -y**5/20 + 5*y**4/12 + 2*y**3/3 + 6*y**2 + 18*y. Let i be t(6). Let n(o) = -o**3 - o**2 + o - 14. What is n(i)?
-14
Suppose 25*f - 22*f = 15. Let q(z) = f*z**2 - z - 18 + 4 + 10 - z**3 + 7. Calculate q(5).
-2
Let d be -3 + -3*(-32)/12. Let o(w) = w - 3. Let s be o(d). Let i(h) = h + 5*h - 2 - 5*h. Calculate i(s).
0
Let b(d) be the first derivative of -1/4*d**4 + 5*d + 8/3*d**3 + 18 - 7/2*d**2. What is b(7)?
5
Let g(s) be the second derivative of 1/360*s**6 - 1/40*s**5 + 8*s + 0*s**3 + 0 + 0*s**2 - 13/12*s**4. Let t(p) be the third derivative of g(p). Calculate t(-3).
-9
Let d(s) = -s + 9. Let q(i) be the first derivative of i**4/4 - 7*i**3/3 - 4*i**2 + 9*i - 12. Let j be q(8). Give d(j).
0
Let m(p) be the first derivative of 0*p - 2/3*p**3 - 1/2*p**2 + 26. Determine m(-1).
-1
Let o(u) be the second derivative of u**3/3 + 25*u**2/2 + 406*u. Give o(-8).
9
Let m(a) = a**3 - 4*a**2 - 12*a + 3. Let n be m(6). Let w(b) = -b**2 + 4*b. What is w(n)?
3
Let n(v) be the second derivative of -1/2*v**3 + 1/60*v**5 - 2*v**2 - 1/24*v**4 + 0 - 2*v. Let s(j) be the first derivative of n(j). Give s(-3).
9
Let f(x) = x**3 - 4*x**2 - 11*x + 29. Suppose -918*r = -912*r - 30. What is f(r)?